 (-24)/42. Suppose c + 5*s - 12 = -5, -4*c - 5*s + 28 = v. Calculate the remainder when 26 is divided by c/((-14)/(-18)) + 1.
6
Suppose 501*r - 507*r + 8766 = 0. Suppose -1453*k - 88 = -r*k. Let z(s) = -4*s + 8. Calculate the remainder when z(-6) is divided by k.
10
Let y = 13552 - 12810. What is the remainder when y is divided by 51?
28
Let r = 33 + -33. Suppose u + r*f - 50 = f, -4*f = -3*u + 150. What is the remainder when u is divided by 17?
16
Suppose -49*k - 4131 = -66*k. Let j be 2/(1 - 0) + -2. Suppose 2*w - 2 = 0, k = -j*x + 2*x - 5*w. Calculate the remainder when x is divided by 21.
19
Let v = -137 + 227. What is the remainder when v is divided by (19/(57/(-78)))/(5/(-50)*5)?
38
Let q = 9268 - 6144. What is the remainder when q is divided by 59?
56
Let w(f) = f**3 + 18*f**2 + 24*f + 6. Let u be w(-16). Let a = 182 - u. What is the remainder when 88 is divided by a?
40
Let g = 5695 + -5685. Calculate the remainder when 250 is divided by g.
0
Let g(a) = -9 + 6 + 4 - a. Calculate the remainder when 18 is divided by g(-9).
8
Calculate the remainder when 1389 is divided by (10/(-24))/(81/648)*(-504)/20.
45
Let x(g) = -6*g + 3. Let c be x(3). Let t = 21 + c. Let p = 362 + -356. What is the remainder when p is divided by t?
0
Let m(g) = 8*g + 3 + 2 - 3 - 1 + 6*g**2. Calculate the remainder when m(-3) is divided by 18.
13
Suppose -3 = i + 2*t + 4, -1 = -5*i + 2*t. Let h(g) = 21*g + 1. Let k be h(i). Let m = k - -32. What is the remainder when 20 is divided by m?
8
Let k(y) = -2*y**3 - 35*y**2 - 51*y - 39. Let d be k(-16). Suppose -5*p - 3*g - 1297 = -d*p, -5*p = 4*g - 1598. Calculate the remainder when p is divided by 9.
7
Let s(y) = -y**2 - 30*y - 203. What is the remainder when 269 is divided by s(-17)?
17
Let z = 6655 - 5174. What is the remainder when z is divided by 14?
11
Let n = -3507 + 3976. What is the remainder when n is divided by 43?
39
Suppose 0 = 5*v - 4*a - 1032, 1035 = 5*v - 10*a + 5*a. Suppose -3*z + 135 = -3*k, 5*k + 61 = -11*z + 12*z. What is the remainder when v is divided by z?
40
Let q be 2/3 + (-16)/6. What is the remainder when 573 is divided by (3/(-2) - q)*50?
23
Let i(z) = 190*z - 1014. Calculate the remainder when i(6) is divided by 4.
2
Let x(z) = -61*z + 10. Suppose -2*r - 70*r + 3528 = 0. What is the remainder when x(-3) is divided by r?
46
What is the remainder when ((-16)/(-3))/((-2)/(-27)) is divided by (-45)/(-7)*(-651)/(-155)?
18
Suppose -164 = 2*h + 6*u - 2*u, h - u = -82. Let s = h - -147. Suppose 87 = 3*d - 2*c, -c = -0*d + 2*d - s. Calculate the remainder when 58 is divided by d.
27
Let m = 11033 - 10990. What is the remainder when 440 is divided by m?
10
Suppose -4248 - 3555 = -17*n. Calculate the remainder when n is divided by 21.
18
Calculate the remainder when 582 is divided by ((-1080)/50 + 18)/(3/(-160)).
6
Suppose -27*c + 31*c + 4*q - 3300 = 0, 3*q + 9 = 0. Calculate the remainder when c is divided by 204.
12
Calculate the remainder when (-2 + 1)/(6 + (-4406)/734) is divided by 1 - ((-7 - 0) + -2).
7
Suppose c = -17 + 33. Suppose 6*k - 151 = 5*k. Let l = k + -58. Calculate the remainder when l is divided by c.
13
Let d be 21/(-7) + 5/((-5)/(-28)). Let l(y) = 81*y + d*y - 16*y - y. What is the remainder when l(1) is divided by 23?
20
Suppose 8*g - 96 = 14*g. Calculate the remainder when (51/2)/(5 + 72/g) is divided by 22.
7
Calculate the remainder when (-14)/((-448)/(-688))*(-13 - (-2)/(-2)) is divided by 84.
49
Let d(c) = -704*c - 1375. What is the remainder when 1543 is divided by d(-2)?
25
Let o = 512 - 434. What is the remainder when 224 is divided by o?
68
Let g(a) = -a**2 + 8*a - 1. Let c be g(6). Let f = -40 + c. Let l = 39 + f. Calculate the remainder when 19 is divided by l.
9
Let p = -165 + 70. Let m = p + 136. Suppose 6*x = x + 25, -3*y = 4*x - m. Calculate the remainder when 34 is divided by y.
6
Suppose -8 - 12 = -4*t. Suppose f = -4*s + 54, -3*f - 132 = -7*f - 4*s. What is the remainder when f is divided by t?
1
Suppose -30*d + 33*d = 39. Suppose 1001 = 26*c - d*c. What is the remainder when c is divided by 40?
37
Let a(w) = 11*w**2 + 78*w + 290. What is the remainder when a(-4) is divided by 103?
51
Let f(y) = 2*y**3 - 14*y**2 + 20*y - 16. Calculate the remainder when (-4)/(-12) + (-455)/(-3) is divided by f(6).
24
Let n = 1735 - 1679. Suppose -567 - 213 = -2*c. Calculate the remainder when c is divided by n.
54
Suppose 4*z - 37 = 11. Suppose 15 = r + 6*k, 6*k - 12 = 5*r + 7*k. What is the remainder when (-5*14)/(-1) + (-3)/r is divided by z?
11
Let n = 10 + -7. Suppose 3*c = -y + 76, 3*c - y + n*y - 74 = 0. Let p = -2741 + 2869. What is the remainder when p is divided by c?
24
Suppose 64*k - 389*k + 57687 = -348238. Calculate the remainder when k is divided by 83.
4
Suppose 1 = -2*s - 1, -d - 94 = 2*s. Let n = d + 94. Suppose n*b - 5*h - 8 + 11 = 0, 5*h = -2*b + 47. Calculate the remainder when 32 is divided by b.
10
Let p(o) = -o**3 + 7*o**2 + 3*o - 2. Let v be p(7). Suppose -64 = -5*c + 41. Suppose -c*t + 58 = -v*t. What is the remainder when 54 is divided by t?
25
Let n be (-2 - -2*(-1)/2) + 2. Let l be (n*2 + -2)*(-10 - -11). Let z(m) = -2*m**3 - 4*m**2 - 4*m - 8. Calculate the remainder when z(l) is divided by 25.
22
Let n(i) = -7*i - 106. Let u be n(30). Calculate the remainder when (u/10)/((-48)/20 + 2) is divided by 28.
23
Suppose -5*p + 5360 = 5*g, 8*p - 3*g - 2104 = 6*p. What is the remainder when p is divided by 29?
20
Suppose 0 = 13*d - 6*d. Suppose d = 5*s + 2*x, -x = -0*s + s + 3. Suppose -16 = -10*w + s*w. What is the remainder when w is divided by 2?
0
Suppose 0 = 116*g - 109*g - 21. Suppose 0 = -3*p + 2*a + 262, -g*p - 27 + 269 = 2*a. Calculate the remainder when p is divided by 11.
7
Let d(s) = 7*s - 23. Let c(j) = -6*j - 13. Let i be c(-3). Let h be d(i). What is the remainder when 393*(4/h)/1 is divided by 33?
32
Let p(h) = 9*h + 73. Let j be p(-10). Let u be ((-2)/4)/(j/2244). Suppose 3*i - u = 2*n, 0*i - n - 22 = -i. What is the remainder when 61 is divided by i?
17
Calculate the remainder when (2496/32)/(-13) - (-1765 - 0) is divided by 68.
59
Suppose -5*l + 11*g + 305 = 0, 0 = -102*l + 101*l - g + 45. What is the remainder when l is divided by 1?
0
Let v(g) = 19 + 4 + 2*g + 31 + 19*g. What is the remainder when v(3) is divided by 21?
12
Let u be ((-152)/57)/(4/(-330)). Let f = 298 - u. Let p = 56 - 40. Calculate the remainder when f is divided by p.
14
Let k(t) = t**3 + 27*t**2 - 55*t + 98. Let p = 60 + -26. Calculate the remainder when p is divided by k(-29).
1
Let q(g) = 16*g**3 + g**2 + 41*g - 84. What is the remainder when q(2) is divided by 16?
2
Let o(k) = -1498*k - 14178. What is the remainder when o(-15) is divided by 58?
56
Suppose -1791*z = -1754*z - 219188. Calculate the remainder when z is divided by 52.
48
Let d(x) = -5*x - 18. Let a(s) = -13*s - 37. Let r(t) = 2*a(t) - 5*d(t). Calculate the remainder when 152 is divided by r(5).
9
Suppose 6*m = -296 + 260. Calculate the remainder when 477 is divided by (-10)/6*m*6.
57
Let w = -9 - -8. Let r = w + 21. Suppose -23085 = -7*u - 236*u. Calculate the remainder when u is divided by r.
15
Let m = -315 + 319. What is the remainder when 8*m - (23 - 21) is divided by 17?
13
Suppose 8*f - 4*f + 12 = 0. Let g be (31/(-3))/(f/(-9)) - -3. Let q = g + 133. Calculate the remainder when q is divided by 36.
33
Let r(y) be the second derivative of y**4/12 - 7*y**3/3 + 61*y**2/2 - 24*y. What is the remainder when r(13) is divided by 13?
9
Calculate the remainder when (-27)/297 - (-7725)/33 is divided by 226.
8
Let r = -330 - -557. Let n = -177 + r. Calculate the remainder when n is divided by 32.
18
Suppose -p + 2*p = 2*m - 1, -m = 4*p - 14. Calculate the remainder when 21 + m + 0 + -3 is divided by 14*((-2)/(-3) + (-12)/72).
6
Suppose 6*c = c + 2*d + 86, 0 = 4*c - 2*d - 70. Let v = c + 16. Suppose 2632 = 70*x - 42*x. What is the remainder when x is divided by v?
30
Suppose 4*a + 0*a - 96 = 0. Suppose -p - 4*l + a = -6*l, -5*p - l + 65 = 0. Let u(x) = x**2 - 7*x + 22. Calculate the remainder when u(11) is divided by p.
10
Calculate the remainder when 381 is divided by (-21 - -14) + 24/8 + (44 - 1).
30
Let g(h) = -h + 57. Let k be g(31). Let p = k - 12. Calculate the remainder when 32 is divided by p.
4
Suppos